 1291
Let m be (8 - (-10)/(-1))*7/(-2). Suppose m*p - 150 = 914. List the prime factors of p.
2, 19
Suppose 4*f = f + 4*a + 45, -5*a - 48 = -3*f. Suppose -2*g = f*g. Suppose -5*m + 869 + 111 = g. List the prime factors of m.
2, 7
What are the prime factors of -17*175/(-1190) + (-19827)/(-2) + -1?
3, 5, 661
Suppose -20*a + 24*a + 95986 = 2*y, -4*a = -4*y + 191964. What are the prime factors of y?
37, 1297
Suppose -17*o - 12*o = -116. Suppose 3*l = 3*x - 2*l - 954, o*l - 636 = -2*x. What are the prime factors of x?
2, 3, 53
Let f = -607 + 723. Let x = f - -816. What are the prime factors of x?
2, 233
Let o(s) = 2*s**2 - 54*s + 61. List the prime factors of o(-44).
3, 701
Let k(i) = i**3 - 6*i**2 - i + 3. Suppose 137 = -3*a + 170. What are the prime factors of k(a)?
3, 199
What are the prime factors of (-2066316)/(-198) + 2 - 2/(-33)?
2, 17, 307
Let z be ((-2)/(-5))/((-64)/(-160)) + -7. List the prime factors of 60*(1 - 3)/(z/52).
2, 5, 13
Let o(v) = v**2 - 100*v - 757. What are the prime factors of o(-130)?
151, 193
Suppose -3*g + 5*t + 24 = 0, g - 8*t + 10*t = -3. Let h be (-1 + 11/1)*(g - 167). List the prime factors of 2/11 - h/55.
2, 3, 5
Let t = 487 + 11704. What are the prime factors of t?
73, 167
Suppose -57*g = -58*g + 414. Suppose -5*t = 2*f - 26, 4*f + 26 = 3*t - 0*f. Suppose -8*v + t*v = -g. What are the prime factors of v?
3, 23
Suppose -v - 4*h = -1531, 2*v - 2*h = 2*h + 3002. Suppose -815 = 2*r - v. List the prime factors of r.
2, 3, 29
Suppose 5*x = -5*w + 65, -6*x + x + 56 = 2*w. Suppose -x = -6*j + 4*j. Suppose y - 27 = -4*t, -y + 10 = 4*y - j*t. What are the prime factors of y?
7
What are the prime factors of (-952850)/(-152) - (2 + -8)*(-1)/8?
2, 1567
List the prime factors of 1*-3 - (-41 + 127650/(-6)).
21313
Suppose -145*r + 55116 = -133*r. List the prime factors of r.
3, 1531
Let g(w) = -2*w**2 - 30*w - 1. Let h be (-2)/(-5)*(-2 + 12). Let y(u) = -u**3 + 4*u**2 - 4*u + 3. Let l be y(h). List the prime factors of g(l).
3, 17
Let i be (-2 + 1)/((-1120)/(-371) + -3). Let v = i + 89. List the prime factors of 17/2*(-117)/v*-8.
13, 17
Suppose -1877 = -7*z + 13. List the prime factors of (-6)/15 - (-9)/(z/8862).
5, 59
Suppose 20*d = 21*d - 277. Suppose -d*k + 291*k = 14224. List the prime factors of k.
2, 127
Suppose 13*n - 329868 = -9*n. Suppose -12*m = 6*m - n. What are the prime factors of m?
7, 17
Suppose 3*y = -y + c + 125521, 31396 = y + 2*c. List the prime factors of y.
2, 13, 17, 71
Let t(r) = 91*r + 18. Let g be t(11). Suppose -5*h + g = -666. What are the prime factors of h?
337
Let k(n) = -n - 5 + 9 - 2 + 165*n**2 + 0. Let b be k(1). Suppose 9*x - 140 = b. List the prime factors of x.
2, 17
List the prime factors of (-57)/(12810/(-1420) - -9).
2, 19, 71
Suppose -n + 3*y - 17 = 6*y, 3*n + 37 = 5*y. What are the prime factors of 454*135/42 - n/(-49)?
1459
Suppose 14*s - 621 = 5*s. Let u = s - 64. List the prime factors of u.
5
Suppose 0 = 2*l - 4, -l = 7*q - 2*q + 43. List the prime factors of ((-30)/q)/((-354)/90 + 4).
2, 5
Let b be -1*(-3 + -39*4/(-12)). What are the prime factors of (-100)/b + -2 + 5?
13
Suppose h + 6*z - 10*z - 2445 = 0, h = -3*z + 2459. List the prime factors of h.
11, 223
Let y be -2 - 4*2/(-4). Suppose -2*h - h + 6 = y. What are the prime factors of (-5 + (-12)/(-4))/h + 51?
2, 5
Let b = -14 + 18. Suppose 377 = -8*q + 11*q - 4*f, 505 = b*q - 3*f. What are the prime factors of q?
127
Let r = 549 + -537. Let c = 301 - r. List the prime factors of c.
17
Let v(a) = -a**2 - 8*a + 27. Let c be v(-10). Let j(l) = l**3 - 3*l**2 + 7*l + 22. Let x be j(c). Let w = x - 162. List the prime factors of w.
3, 5, 7
Let l be 1/2*(-4 - -35)*2. Suppose -23 = u - l. List the prime factors of 3 + (9 + -1)*164/u.
167
Let x(n) = n**3 - 31*n**2 - 61*n - 84. Let q be x(34). Let o be 2/((5/(-12))/(-5)). Suppose 19*m - o*m = -q. List the prime factors of m.
2, 131
Suppose k - 25 + 23 = 0. Suppose k*q - 13 - 29 = 0. What are the prime factors of q/2 + (-1 - 3/(-6))?
2, 5
Let t = 105 + -107. List the prime factors of (-538)/t*(-9 - (3 + -13)).
269
Let n = 552 - 541. Suppose -n*x + 5772 = -5492. List the prime factors of x.
2
Let t(g) be the first derivative of -1/2*g**2 - 14 + 0*g. What are the prime factors of t(-9)?
3
Suppose 22*j = 14*j + 648. Suppose 32*m - 945 = 29*m. Let a = m - j. List the prime factors of a.
2, 3, 13
Let r(b) = b**3 + 43*b**2 + 12*b + 33. List the prime factors of r(-38).
7, 971
Let d = -383 + 380. What are the prime factors of (-5043)/(-33) + d - (-16)/88?
2, 3, 5
Suppose -2615855 - 522716 = -385*t + 5989394. List the prime factors of t.
3, 7, 1129
Suppose -2*r - 6562 = -11*d - 1191, 501 = d + 3*r. Let c be ((-3)/(-6))/((-1)/(-518)). Let p = d - c. What are the prime factors of p?
2, 5, 23
Suppose -301 = -6*l + 3*l + 4*g, 2*l - 198 = 2*g. Suppose 4*k = -k + 2*o - l, k = -3*o - 19. Let c(w) = w**2 + 12*w + 19. List the prime factors of c(k).
2, 19
Suppose 28*c - 4818 - 2966 = 0. Let n = c - 165. List the prime factors of n.
113
Suppose 4*d - 80 = -4*f, -f + 24 - 2 = -d. Suppose -5*x + 5550 = -5*n, -19*x + f*x + 3*n - 2235 = 0. What are the prime factors of x?
3, 7, 53
List the prime factors of (-30832)/(-3) + 112/42.
2, 5, 257
Let z = -3796 - -5183. List the prime factors of z.
19, 73
Let d be (-14)/12 - -2 - (-2843)/(-6). Let p = d - -565. What are the prime factors of p?
2, 23
Suppose -552*c + 246432 = -528*c. What are the prime factors of c?
2, 17, 151
Suppose -q - 87 = 11. Suppose -w + 19 = -4*h, -3*h + 8*h + 5*w + 55 = 0. What are the prime factors of (q/h)/((-2)/(-6))?
7
Let g(y) = y**2 - 7*y. Let t(o) = -2*o + 44. Let a be t(10). Suppose a*f - 26*f + 32 = 0. List the prime factors of g(f).
2, 3
Suppose 0 = 7763*l - 7846*l + 1459223. List the prime factors of l.
17581
Let c be 9/(-36) - (-10)/8. List the prime factors of c*(-4892)/(-18) - 6/(-27).
2, 17
Let d be (-3)/(-5)*((-3 - -17) + -4). Suppose g = -4*n + 19, -2*n = -d*n + 4*g + 4. Suppose -6*j + 190 = n*j. List the prime factors of j.
19
Let s(a) = -24*a - 12. Let d be s(-6). Suppose -d - 54 = -3*k. List the prime factors of k.
2, 31
Let i(c) = -883*c - 1749. List the prime factors of i(-24).
3, 6481
Suppose 9*p = 1080 + 26807 + 4909. What are the prime factors of p?
2, 911
Let l(s) = s**3 + 6*s**2 - 9*s + 1. Let x be l(-7). Suppose 5*q - x = 4*o, 2 - 11 = -3*q - 5*o. List the prime factors of q*1 + 10 + 30.
43
Let j(s) = -2203*s**3 - s**2 - 4*s - 20. List the prime factors of j(-3).
2, 7433
Let w = 47745 - 31078. List the prime factors of w.
7, 2381
Let f(z) = -5 - 2*z + 5 + 5 - 2*z**2. Let o be f(4). Let b = o - -52. What are the prime factors of b?
17
Let w be 1 + (4 + -3)/1. Suppose -2*i + w*l + 18 = 0, l + 9 = i + 6*l. List the prime factors of ((-48)/i)/2*180/(-5).
2, 3
Let j(t) = -822*t + 741. List the prime factors of j(-11).
3, 1087
Suppose 19*o = 405 - 101. What are the prime factors of 1531/3 + o/24?
7, 73
Let v be 3 - (0 + 68 + -3). Let k = v + -15. Let l = k + 166. List the prime factors of l.
89
Let z(o) = -594*o**3 - 2*o**2 - 4*o. What are the prime factors of z(-2)?
2, 3, 11
List the prime factors of (-842)/(-1263)*(-391146)/(-4).
7, 67, 139
Let z(a) = a**2 + 15*a - 25. Let q be z(2). What are the prime factors of 6978/18 + 12/q?
389
Let t(g) = -8*g + 259. Let p be t(35). List the prime factors of (-4 - -1812) + 14 + p.
1801
Suppose 27*c - 44*c = 9622. What are the prime factors of 1 + -3 - -2 - c/1?
2, 283
Let c(s) = s**2 - 12*s - 11. Let d be c(13). What are the prime factors of -15*(d/8 - (-7701)/(-340))?
2, 3, 7
Suppose -2*f - 4*t - 322 = 762, -4*f - 2196 = t. What are the prime factors of 2/8 + (-2 - f/8)?
67
Let c = -6092 - -4332. Let m = -1164 - c. What are the prime factors of m?
2, 149
Suppose -p = -3*v + 37415, -8*v + 6*v = -5*p - 24952. List the prime factors of v.
3, 4157
Let m = 1776 - -804. Suppose -2*f - 5*n + 55 = -977, -5*f - 5*n + m = 0. What are the prime factors of f?
2, 3, 43
Let l = 1 + 35. Let i = l - 36. Suppose -4*q + 5*v = -402, q + 0*v - 2*v - 99 = i. List the prime factors of q.
103
List the prime factors of (-111)/148 + (-750180)/(-48).
2, 3907
Let a be (-24)/(-2) + -3 + 2 + 5. Suppose -3*q = q - a. Suppose q*m = -4*m + 32. What are the prime factors of m?
2
Let l(x) = 808*x - 43. List the p